{"id":336,"date":"2015-09-10T20:58:40","date_gmt":"2015-09-10T20:58:40","guid":{"rendered":"http:\/\/exposec.tmp.br\/16\/?page_id=336"},"modified":"2020-07-16T15:36:52","modified_gmt":"2020-07-16T18:36:52","slug":"duvidas-frequentes-visitantes","status":"publish","type":"page","link":"https:\/\/reatechbrasil.com.br\/16\/duvidas-frequentes-visitantes\/","title":{"rendered":"D\u00favidas Frequentes"},"content":{"rendered":"<section id=\"bt_section69d64d3925c01\"  class=\"boldSection inherit\" ><div class=\"port\"><div class=\"boldCell\"><div class=\"boldCellInner\"><div class=\"boldRow \" ><div class=\"boldRowInner\"><div class=\"rowItem col-md-12 col-ms-12  btTextCenter inherit\"  ><div class=\"rowItemContent\" ><div class=\"bt_bb_separator_v2 bt_bb_border_style_none bt_bb_top_spacing_medium bt_bb_icon_size_normal bt_bb_text_size_normal bt_bb_separator_v2_without_content\" data-bt-override-class=\"null\"><div class=\"bt_bb_separator_v2_inner\"><span class=\"bt_bb_separator_v2_inner_before\"><\/span><span class=\"bt_bb_separator_v2_inner_content\"><span  data-ico-=\"\" class=\"bt_bb_icon_holder\"><\/span><\/span><span class=\"bt_bb_separator_v2_inner_after\"><\/span><\/div><\/div><header class=\"header btClear large btDash bottomDash  btNormalDash\" ><div class=\"dash\"><h2><span class=\"headline\">VISITANTES &#8211; <b class=\"animate\">D\u00daVIDAS FREQUENTES<\/b><\/span><\/h2><\/div><\/header><\/div><\/div><\/div><\/div><\/div><\/div><\/div><\/section><section id=\"bt_section69d64d3925f14\"  class=\"boldSection gutter inherit\" ><div class=\"port\"><div class=\"boldCell\"><div class=\"boldCellInner\"><div class=\"boldRow \" ><div class=\"boldRowInner\"><div class=\"rowItem col-md-12 col-ms-12  btTextLeft inherit\"  ><div class=\"rowItemContent\" ><div class=\"bt_bb_separator_v2 bt_bb_border_style_none bt_bb_top_spacing_small bt_bb_icon_size_normal bt_bb_text_size_normal bt_bb_separator_v2_without_content\" data-bt-override-class=\"null\"><div class=\"bt_bb_separator_v2_inner\"><span class=\"bt_bb_separator_v2_inner_before\"><\/span><span class=\"bt_bb_separator_v2_inner_content\"><span  data-ico-=\"\" class=\"bt_bb_icon_holder\"><\/span><\/span><span class=\"bt_bb_separator_v2_inner_after\"><\/span><\/div><\/div><div class=\"btText\" ><div class=\"hrf-faq-list\">\n<article class=\"hrf-entry\" id=\"hrf-entry-1418\">\n<h3 class=\"hrf-title close-faq\" data-content-id=\"hrf-content-1418\"><span><\/span>1. Recebi minha credencial antecipada. Preciso fazer o credenciamento no local?<\/h3>\n<div class=\"hrf-content\" id=\"hrf-content-1418\">\n<p>N\u00e3o. A credencial antecipada permite entrar no evento sem a necessidade de fazer novo cadastro no balc\u00e3o de credenciamento.<\/p>\n<\/div>\n<\/article>\n<article class=\"hrf-entry\" id=\"hrf-entry-1419\">\n<h3 class=\"hrf-title close-faq\" data-content-id=\"hrf-content-1419\"><span><\/span>2. N\u00e3o recebi minha credencial pelos correios, como devo proceder?<\/h3>\n<div class=\"hrf-content\" id=\"hrf-content-1419\">\n<p>Caso n\u00e3o receba a sua credencial at\u00e9 o dia do evento, voc\u00ea poder\u00e1 efetuar o seu pr\u00e9-credenciamento gratuito no site do evento e imprimir a sua credencial nos totens de autoatendimento disponibilizados na entrada da feira.<\/p>\n<\/div>\n<\/article>\n<article class=\"hrf-entry\" id=\"hrf-entry-1420\">\n<h3 class=\"hrf-title close-faq\" data-content-id=\"hrf-content-1420\"><span><\/span>3. Posso fazer o credenciamento no local do evento?<\/h3>\n<div class=\"hrf-content\" id=\"hrf-content-1420\">\n<p>Sim, por\u00e9m, para facilitar a sua entrada, recomendamos que efetue o seu pr\u00e9-credenciamento pelo site. Assim, poder\u00e1 emitir a sua credencial por meio dos totens de autoatendimento localizados na entrada da feira.<\/p>\n<\/div>\n<\/article>\n<article class=\"hrf-entry\" id=\"hrf-entry-1421\">\n<h3 class=\"hrf-title close-faq\" data-content-id=\"hrf-content-1421\"><span><\/span>4. \u00c9 permitida a entrada de menores de idade?<\/h3>\n<div class=\"hrf-content\" id=\"hrf-content-1421\">\n<p>Sim, a feira \u00e9 aberta para todo p\u00fablico.<\/p>\n<p>Para menores de 16 anos \u00e9 necess\u00e1ria a apresenta\u00e7\u00e3o do <a href=\"https:\/\/reatechbrasil.com.br\/24\/termo%20de%20responsabilidade\/REATECH-2024-Termo-de-responsabilidade.pdf\" target=\"_blank\" rel=\"noopener\"><strong>TERMO DE RESPONSABILIDADE<\/strong><\/a> preenchido pelo respons\u00e1vel.<\/p>\n<\/div>\n<\/article>\n<article class=\"hrf-entry\" id=\"hrf-entry-1422\">\n<h3 class=\"hrf-title close-faq\" data-content-id=\"hrf-content-1422\"><span><\/span>5. Posso entrar no evento trajando regata, chinelo ou bermuda?<\/h3>\n<div class=\"hrf-content\" id=\"hrf-content-1422\">\n<p>Sim. <\/p>\n<\/div>\n<\/article>\n<article class=\"hrf-entry\" id=\"hrf-entry-1423\">\n<h3 class=\"hrf-title close-faq\" data-content-id=\"hrf-content-1423\"><span><\/span>6. \u00c9 permitida a entrada de estudantes?<\/h3>\n<div class=\"hrf-content\" id=\"hrf-content-1423\">\n<p>Sim, \u00e9 permitida a entrada de estudante.<\/p>\n<p>Para menores de 16 anos \u00e9 necess\u00e1ria a apresenta\u00e7\u00e3o do <a href=\"https:\/\/reatechbrasil.com.br\/24\/termo%20de%20responsabilidade\/REATECH-2024-Termo-de-responsabilidade.pdf\" target=\"_blank\" rel=\"noopener\"><strong>TERMO DE RESPONSABILIDADE<\/strong><\/a> preenchido pelo respons\u00e1vel.<\/p>\n<\/div>\n<\/article>\n<article class=\"hrf-entry\" id=\"hrf-entry-1424\">\n<h3 class=\"hrf-title close-faq\" data-content-id=\"hrf-content-1424\"><span><\/span>7. Como fa\u00e7o para chegar ao evento?<\/h3>\n<div class=\"hrf-content\" id=\"hrf-content-1424\">\n<p><strong>Metr\u00f4:<\/strong> Haver\u00e1 transporte gratuito com in\u00edcio 1 hora antes at\u00e9 1 hora depois do funcionamento da feira. Sa\u00edda da Esta\u00e7\u00e3o de Metr\u00f4 <strong>Santos-Imigrantes<\/strong> &#8211; Rua Engenheiro Guilherme Winter, s\/n &#8211; Cursino, S\u00e3o Paulo\u00a0&#8211;\u00a0SP,\u00a004124020<\/p>\n<p><strong>Taxi:<\/strong>\u00a0Centrais de taxi ser\u00e3o disponibilizadas nos per\u00edodos de feira. A partir da esta\u00e7\u00e3o do metr\u00f4, pode-se tomar um taxi at\u00e9 o S\u00e3o Paulo Expo.<\/p>\n<p>Para mais informa\u00e7\u00f5es, <u><a href=\"http:\/\/reatechbrasil.com.br\/16\/data-e-local\/\">clique aqui<\/a><\/u><\/p>\n<\/div>\n<\/article>\n<article class=\"hrf-entry\" id=\"hrf-entry-1425\">\n<h3 class=\"hrf-title close-faq\" data-content-id=\"hrf-content-1425\"><span><\/span>8. O evento possui estacionamento no local?<\/h3>\n<div class=\"hrf-content\" id=\"hrf-content-1425\">\n<p>\n\tSim, o evento possui estacionamento para mais de 4.500 ve&iacute;culos. A tabela com os pre&ccedil;os oficiais est&aacute; dispon&iacute;vel no site <a href=\"https:\/\/www.saopauloexpo.com.br\/pt\/estacionamento-expositor\/\" target=\"_blank\">www.saopauloexpo.com.br<\/a>.<\/p>\n<\/div>\n<\/article>\n<article class=\"hrf-entry\" id=\"hrf-entry-1426\">\n<h3 class=\"hrf-title close-faq\" data-content-id=\"hrf-content-1426\"><span><\/span>9. Eu recebo um Certificado de Participa\u00e7\u00e3o?<\/h3>\n<div class=\"hrf-content\" id=\"hrf-content-1426\">\n<p>N\u00e3o ser\u00e3o emitidos Certificado de Participa\u00e7\u00e3o para os visitantes do evento.<\/p>\n<\/div>\n<\/article>\n<article class=\"hrf-entry\" id=\"hrf-entry-1427\">\n<h3 class=\"hrf-title close-faq\" data-content-id=\"hrf-content-1427\"><span><\/span>10. Haver\u00e1 guarda-volumes no local?<\/h3>\n<div class=\"hrf-content\" id=\"hrf-content-1427\">\n<p>Sim. O evento disponibilizar\u00e1 guarda-volumes localizado na entrada da feira.<\/p>\n<p>Todos os expositores e visitantes podem utilizar os servi\u00e7os do Malex para guardar seus pertences e circular pela feira com toda praticidade e conforto.<\/p>\n<p><b>Forma de Pagamento:<\/b>\u00a0Dinheiro, Cart\u00e3o de D\u00e9bito ou Cr\u00e9dito.<\/p>\n<p><b>Ser\u00e3o aceitas:<\/b>\u00a0Bolsas, mochilas e malas.<\/p>\n<p><b>N\u00e3o ser\u00e3o\u00a0permitidas:<\/b>\u00a0Carteiras e bolsas de m\u00e3o soltas por medida de seguran\u00e7a.<\/p>\n<\/div>\n<\/article>\n<article class=\"hrf-entry\" id=\"hrf-entry-1428\">\n<h3 class=\"hrf-title close-faq\" data-content-id=\"hrf-content-1428\"><span><\/span>11. Existem caixas eletr\u00f4nicos no local?<\/h3>\n<div class=\"hrf-content\" id=\"hrf-content-1428\">\n<p>N\u00e3o, este servi\u00e7o n\u00e3o est\u00e1 dispon\u00edvel no local.<\/p>\n<\/div>\n<\/article>\n<article class=\"hrf-entry\" id=\"hrf-entry-1429\">\n<h3 class=\"hrf-title close-faq\" data-content-id=\"hrf-content-1429\"><span><\/span>12. O local possui acesso \u00e0 internet e tomadas?<\/h3>\n<div class=\"hrf-content\" id=\"hrf-content-1429\">\n<p>N\u00e3o, estes servi\u00e7os n\u00e3o est\u00e3o dispon\u00edveis no local.<\/p>\n<\/div>\n<\/article>\n<\/div>\n<\/div><div class=\"bt_bb_separator_v2 bt_bb_border_style_none bt_bb_top_spacing_normal bt_bb_icon_size_normal bt_bb_text_size_normal bt_bb_separator_v2_without_content\" data-bt-override-class=\"null\"><div class=\"bt_bb_separator_v2_inner\"><span class=\"bt_bb_separator_v2_inner_before\"><\/span><span class=\"bt_bb_separator_v2_inner_content\"><span  data-ico-=\"\" class=\"bt_bb_icon_holder\"><\/span><\/span><span class=\"bt_bb_separator_v2_inner_after\"><\/span><\/div><\/div><\/div><\/div><\/div><\/div><\/div><\/div><\/div><\/section>","protected":false},"excerpt":{"rendered":"","protected":false},"author":3,"featured_media":0,"parent":0,"menu_order":0,"comment_status":"closed","ping_status":"open","template":"","meta":{"om_disable_all_campaigns":false,"_monsterinsights_skip_tracking":false,"_monsterinsights_sitenote_active":false,"_monsterinsights_sitenote_note":"","_monsterinsights_sitenote_category":0},"aioseo_notices":[],"_links":{"self":[{"href":"https:\/\/reatechbrasil.com.br\/16\/wp-json\/wp\/v2\/pages\/336"}],"collection":[{"href":"https:\/\/reatechbrasil.com.br\/16\/wp-json\/wp\/v2\/pages"}],"about":[{"href":"https:\/\/reatechbrasil.com.br\/16\/wp-json\/wp\/v2\/types\/page"}],"author":[{"embeddable":true,"href":"https:\/\/reatechbrasil.com.br\/16\/wp-json\/wp\/v2\/users\/3"}],"replies":[{"embeddable":true,"href":"https:\/\/reatechbrasil.com.br\/16\/wp-json\/wp\/v2\/comments?post=336"}],"version-history":[{"count":3,"href":"https:\/\/reatechbrasil.com.br\/16\/wp-json\/wp\/v2\/pages\/336\/revisions"}],"predecessor-version":[{"id":19235,"href":"https:\/\/reatechbrasil.com.br\/16\/wp-json\/wp\/v2\/pages\/336\/revisions\/19235"}],"wp:attachment":[{"href":"https:\/\/reatechbrasil.com.br\/16\/wp-json\/wp\/v2\/media?parent=336"}],"curies":[{"name":"wp","href":"https:\/\/api.w.org\/{rel}","templated":true}]}}