{"id":55,"date":"2015-05-19T13:55:23","date_gmt":"2015-05-19T13:55:23","guid":{"rendered":"http:\/\/exposec.tmp.br\/16\/?page_id=55"},"modified":"2025-11-11T10:37:56","modified_gmt":"2025-11-11T13:37:56","slug":"sobre-a-feira","status":"publish","type":"page","link":"https:\/\/reatechbrasil.com.br\/16\/sobre-a-feira\/","title":{"rendered":"Sobre a Reatech"},"content":{"rendered":"\t\t<div data-elementor-type=\"wp-page\" data-elementor-id=\"55\" class=\"elementor elementor-55\">\n\t\t\t\t\t\t<div class=\"elementor-inner\">\n\t\t\t\t<div class=\"elementor-section-wrap\">\n\t\t\t\t\t\t\t\t\t<section data-particle_enable=\"false\" data-particle-mobile-disabled=\"false\" class=\"elementor-section elementor-top-section elementor-element elementor-element-79ea9e82 elementor-section-height-min-height elementor-section-boxed elementor-section-height-default elementor-section-items-middle\" data-id=\"79ea9e82\" data-element_type=\"section\">\n\t\t\t\t\t\t<div class=\"elementor-container elementor-column-gap-default\">\n\t\t\t\t\t\t\t<div class=\"elementor-row\">\n\t\t\t\t\t<div class=\"elementor-column elementor-col-50 elementor-top-column elementor-element elementor-element-703c6369 elementor-invisible\" data-id=\"703c6369\" data-element_type=\"column\" data-settings=\"{&quot;animation&quot;:&quot;fadeInLeft&quot;}\">\n\t\t\t<div class=\"elementor-column-wrap elementor-element-populated\">\n\t\t\t\t\t\t\t<div class=\"elementor-widget-wrap\">\n\t\t\t\t\t\t<div class=\"elementor-element elementor-element-e50aa7f elementor-view-default elementor-widget elementor-widget-icon\" data-id=\"e50aa7f\" data-element_type=\"widget\" data-widget_type=\"icon.default\">\n\t\t\t\t<div class=\"elementor-widget-container\">\n\t\t\t\t\t<div class=\"elementor-icon-wrapper\">\n\t\t\t<div class=\"elementor-icon\">\n\t\t\t<i aria-hidden=\"true\" class=\"fas fa-minus\"><\/i>\t\t\t<\/div>\n\t\t<\/div>\n\t\t\t\t<\/div>\n\t\t\t\t<\/div>\n\t\t\t\t<div class=\"elementor-element elementor-element-7106af3 elementor-widget elementor-widget-heading\" data-id=\"7106af3\" data-element_type=\"widget\" data-widget_type=\"heading.default\">\n\t\t\t\t<div class=\"elementor-widget-container\">\n\t\t\t<h1 class=\"elementor-heading-title elementor-size-default\">Reatech Brasil<\/h1>\t\t<\/div>\n\t\t\t\t<\/div>\n\t\t\t\t<div class=\"elementor-element elementor-element-4d4e4a0 elementor-widget elementor-widget-heading\" data-id=\"4d4e4a0\" data-element_type=\"widget\" data-widget_type=\"heading.default\">\n\t\t\t\t<div class=\"elementor-widget-container\">\n\t\t\t<h3 class=\"elementor-heading-title elementor-size-default\">Feira Internacional de Inclus\u00e3o, Acessibilidade e Reabilita\u00e7\u00e3o<\/h3>\t\t<\/div>\n\t\t\t\t<\/div>\n\t\t\t\t<div class=\"elementor-element elementor-element-ca76241 elementor-widget elementor-widget-text-editor\" data-id=\"ca76241\" data-element_type=\"widget\" data-widget_type=\"text-editor.default\">\n\t\t\t\t<div class=\"elementor-widget-container\">\n\t\t\t\t\t\t\t\t<div class=\"elementor-text-editor elementor-clearfix\">\n\t\t\t\t<div class=\"btText\"><p>Organizada e promovida pela\u00a0<a href=\"https:\/\/www.fieramilano.com.br\/content\/gdibrasile\/pt\/home-page.html\" target=\"_blank\" rel=\"noopener\"><strong>Fiera Milano Brasil<\/strong><\/a>, a<strong> Reatech \u2013 <b>Feira Internacional de Inclus\u00e3o, Acessibilidade e Reabilita\u00e7\u00e3o<\/b><\/strong>\u00a0\u00e9 considerada a principal feira do setor na Am\u00e9rica Latina. A cada edi\u00e7\u00e3o, re\u00fane as <b>principais\u00a0marcas expositoras<\/b> dos segmentos de ag\u00eancias de emprego voltadas para pessoas com defici\u00eancia e mobilidade reduzida, institui\u00e7\u00f5es financeiras, fabricantes de cadeiras de rodas, departamentos de recursos humanos, ind\u00fastrias farmac\u00eauticas, ind\u00fastrias dos segmentos de animais treinados, ve\u00edculos adaptados, fabricantes de aparelhos auditivos, equipamentos especiais, materiais hospitalares, higiene pessoal, pr\u00f3teses e \u00f3rteses, terapias alternativas, turismo, lazer, tecnologias de reabilita\u00e7\u00e3o e muito mais.<\/p><\/div>\t\t\t\t\t<\/div>\n\t\t\t\t\t\t<\/div>\n\t\t\t\t<\/div>\n\t\t\t\t\t\t<\/div>\n\t\t\t\t\t<\/div>\n\t\t<\/div>\n\t\t\t\t<div class=\"elementor-column elementor-col-50 elementor-top-column elementor-element elementor-element-f97052e\" data-id=\"f97052e\" data-element_type=\"column\">\n\t\t\t<div class=\"elementor-column-wrap elementor-element-populated\">\n\t\t\t\t\t\t\t<div class=\"elementor-widget-wrap\">\n\t\t\t\t\t\t<div class=\"elementor-element elementor-element-2499b78 elementor-invisible elementor-widget elementor-widget-image\" data-id=\"2499b78\" data-element_type=\"widget\" data-settings=\"{&quot;_animation&quot;:&quot;fadeInRight&quot;}\" data-widget_type=\"image.default\">\n\t\t\t\t<div class=\"elementor-widget-container\">\n\t\t\t\t\t\t\t\t<div class=\"elementor-image\">\n\t\t\t\t\t\t\t\t\t\t\t\t<img width=\"768\" height=\"1116\" src=\"https:\/\/reatechbrasil.com.br\/16\/wp-content\/uploads\/2023\/08\/bk-campanha-inclusao-768x1116.jpg\" class=\"attachment-medium_large size-medium_large wp-image-13091\" alt=\"Duas mulheres, uma delas com s\u00edndrome de Down, sorriem para a c\u00e2mera, ambas usando aventais em um ambiente de trabalho.\" loading=\"lazy\" srcset=\"https:\/\/reatechbrasil.com.br\/16\/wp-content\/uploads\/2023\/08\/bk-campanha-inclusao-768x1116.jpg 768w, https:\/\/reatechbrasil.com.br\/16\/wp-content\/uploads\/2023\/08\/bk-campanha-inclusao-scaled-600x872.jpg 600w, https:\/\/reatechbrasil.com.br\/16\/wp-content\/uploads\/2023\/08\/bk-campanha-inclusao-320x465.jpg 320w, https:\/\/reatechbrasil.com.br\/16\/wp-content\/uploads\/2023\/08\/bk-campanha-inclusao-1200x1744.jpg 1200w, https:\/\/reatechbrasil.com.br\/16\/wp-content\/uploads\/2023\/08\/bk-campanha-inclusao-1057x1536.jpg 1057w, https:\/\/reatechbrasil.com.br\/16\/wp-content\/uploads\/2023\/08\/bk-campanha-inclusao-1409x2048.jpg 1409w, https:\/\/reatechbrasil.com.br\/16\/wp-content\/uploads\/2023\/08\/bk-campanha-inclusao-540x785.jpg 540w, https:\/\/reatechbrasil.com.br\/16\/wp-content\/uploads\/2023\/08\/bk-campanha-inclusao-scaled.jpg 1762w\" sizes=\"(max-width: 768px) 100vw, 768px\" \/>\t\t\t\t\t\t\t\t\t\t\t\t\t\t<\/div>\n\t\t\t\t\t\t<\/div>\n\t\t\t\t<\/div>\n\t\t\t\t\t\t<\/div>\n\t\t\t\t\t<\/div>\n\t\t<\/div>\n\t\t\t\t\t\t\t\t<\/div>\n\t\t\t\t\t<\/div>\n\t\t<\/section>\n\t\t\t\t\t\t\t\t\t<\/div>\n\t\t\t<\/div>\n\t\t\t\t\t<\/div>\n\t\t","protected":false},"excerpt":{"rendered":"<p>Reatech Brasil Feira Internacional de Inclus\u00e3o, Acessibilidade e Reabilita\u00e7\u00e3o Organizada e promovida pela\u00a0Fiera Milano Brasil, a Reatech \u2013 Feira Internacional [&hellip;]<\/p>\n","protected":false},"author":3,"featured_media":0,"parent":0,"menu_order":0,"comment_status":"closed","ping_status":"closed","template":"","meta":{"om_disable_all_campaigns":false,"_monsterinsights_skip_tracking":false,"_monsterinsights_sitenote_active":false,"_monsterinsights_sitenote_note":"","_monsterinsights_sitenote_category":0},"aioseo_notices":[],"_links":{"self":[{"href":"https:\/\/reatechbrasil.com.br\/16\/wp-json\/wp\/v2\/pages\/55"}],"collection":[{"href":"https:\/\/reatechbrasil.com.br\/16\/wp-json\/wp\/v2\/pages"}],"about":[{"href":"https:\/\/reatechbrasil.com.br\/16\/wp-json\/wp\/v2\/types\/page"}],"author":[{"embeddable":true,"href":"https:\/\/reatechbrasil.com.br\/16\/wp-json\/wp\/v2\/users\/3"}],"replies":[{"embeddable":true,"href":"https:\/\/reatechbrasil.com.br\/16\/wp-json\/wp\/v2\/comments?post=55"}],"version-history":[{"count":80,"href":"https:\/\/reatechbrasil.com.br\/16\/wp-json\/wp\/v2\/pages\/55\/revisions"}],"predecessor-version":[{"id":21779,"href":"https:\/\/reatechbrasil.com.br\/16\/wp-json\/wp\/v2\/pages\/55\/revisions\/21779"}],"wp:attachment":[{"href":"https:\/\/reatechbrasil.com.br\/16\/wp-json\/wp\/v2\/media?parent=55"}],"curies":[{"name":"wp","href":"https:\/\/api.w.org\/{rel}","templated":true}]}}