{"id":36,"date":"2023-08-21T17:18:04","date_gmt":"2023-08-21T20:18:04","guid":{"rendered":"https:\/\/reatechbrasil.com.br\/loja\/?post_type=product&#038;p=36"},"modified":"2023-10-03T06:10:00","modified_gmt":"2023-10-03T09:10:00","slug":"copo-espiral-reatech-2023","status":"publish","type":"product","link":"https:\/\/reatechbrasil.com.br\/loja\/produto\/copo-espiral-reatech-2023\/","title":{"rendered":"Copo Espiral Reatech 2023"},"content":{"rendered":"<p>Beba da alegria contagiante da Reatech Brasil com nossos copos coloridos!<\/p>\n<p>Cada tonalidade representa uma hist\u00f3ria, um sorriso e um abra\u00e7o apertado compartilhado em nossa feira vibrante. \ud83c\udf79<\/p>\n<h3>Cores Dispon\u00edveis<\/h3>\n<ul>\n<li>Copo Espiral Roxo com o logo da Reatech em branco;<\/li>\n<li>Copo Branco com o logo da Reatech em azul;<\/li>\n<li>Copo Rosa com o logo da Reatech em branco;<\/li>\n<li>Copo Fume com logo da Reatech em branco.<\/li>\n<\/ul>\n<h3>Especifica\u00e7\u00f5es T\u00e9cnicas<\/h3>\n<ul>\n<li>Copo de espiral pl\u00e1stico resistente;<\/li>\n<li>Capacidade de 550ml;<\/li>\n<li>Produzido em PS Cristal ou PP, com tampa e canudo;<\/li>\n<li>Medidas: 9,5cm x 21,0cm x 6,2cm.<\/li>\n<li>Peso: 75g.<\/li>\n<\/ul>\n","protected":false},"excerpt":{"rendered":"<p>Beba da alegria contagiante da Reatech Brasil com nossos copos coloridos!<\/p>\n","protected":false},"featured_media":304,"comment_status":"open","ping_status":"closed","template":"","meta":[],"product_cat":[18],"product_tag":[],"class_list":["post-36","product","type-product","status-publish","has-post-thumbnail","hentry","product_cat-objetos"],"yoast_head":"<!-- This site is optimized with the Yoast SEO plugin v21.2 - https:\/\/yoast.com\/wordpress\/plugins\/seo\/ -->\n<title>Copo Espiral Reatech 2023 - Loja Virtual da Reatech 2023<\/title>\n<meta name=\"robots\" content=\"index, follow, max-snippet:-1, max-image-preview:large, max-video-preview:-1\" \/>\n<link rel=\"canonical\" href=\"https:\/\/reatechbrasil.com.br\/loja\/produto\/copo-espiral-reatech-2023\/\" \/>\n<meta property=\"og:locale\" content=\"pt_BR\" \/>\n<meta property=\"og:type\" content=\"article\" \/>\n<meta property=\"og:title\" content=\"Copo Espiral Reatech 2023 - Loja Virtual da Reatech 2023\" \/>\n<meta property=\"og:description\" content=\"Beba da alegria contagiante da Reatech Brasil com nossos copos coloridos!\" \/>\n<meta property=\"og:url\" content=\"https:\/\/reatechbrasil.com.br\/loja\/produto\/copo-espiral-reatech-2023\/\" \/>\n<meta property=\"og:site_name\" content=\"Loja Virtual da Reatech 2023\" \/>\n<meta property=\"article:publisher\" content=\"https:\/\/www.facebook.com\/reatechbrasil\/\" \/>\n<meta property=\"article:modified_time\" content=\"2023-10-03T09:10:00+00:00\" \/>\n<meta property=\"og:image\" content=\"https:\/\/reatechbrasil.com.br\/loja\/wp-content\/uploads\/2023\/08\/copo-550-espiral-com-tampa-e-canudo-reatech-2023-roxo-1.jpg\" \/>\n\t<meta property=\"og:image:width\" content=\"800\" \/>\n\t<meta property=\"og:image:height\" content=\"800\" \/>\n\t<meta property=\"og:image:type\" content=\"image\/jpeg\" \/>\n<meta name=\"twitter:card\" content=\"summary_large_image\" \/>\n<meta name=\"twitter:label1\" content=\"Est. tempo de leitura\" \/>\n\t<meta name=\"twitter:data1\" content=\"1 minuto\" \/>\n<script type=\"application\/ld+json\" class=\"yoast-schema-graph\">{\"@context\":\"https:\/\/schema.org\",\"@graph\":[{\"@type\":\"WebPage\",\"@id\":\"https:\/\/reatechbrasil.com.br\/loja\/produto\/copo-espiral-reatech-2023\/\",\"url\":\"https:\/\/reatechbrasil.com.br\/loja\/produto\/copo-espiral-reatech-2023\/\",\"name\":\"Copo Espiral Reatech 2023 - Loja Virtual da Reatech 2023\",\"isPartOf\":{\"@id\":\"https:\/\/reatechbrasil.com.br\/loja\/#website\"},\"datePublished\":\"2023-08-21T20:18:04+00:00\",\"dateModified\":\"2023-10-03T09:10:00+00:00\",\"breadcrumb\":{\"@id\":\"https:\/\/reatechbrasil.com.br\/loja\/produto\/copo-espiral-reatech-2023\/#breadcrumb\"},\"inLanguage\":\"pt-BR\",\"potentialAction\":[{\"@type\":\"ReadAction\",\"target\":[\"https:\/\/reatechbrasil.com.br\/loja\/produto\/copo-espiral-reatech-2023\/\"]}]},{\"@type\":\"BreadcrumbList\",\"@id\":\"https:\/\/reatechbrasil.com.br\/loja\/produto\/copo-espiral-reatech-2023\/#breadcrumb\",\"itemListElement\":[{\"@type\":\"ListItem\",\"position\":1,\"name\":\"In\u00edcio\",\"item\":\"https:\/\/reatechbrasil.com.br\/loja\/\"},{\"@type\":\"ListItem\",\"position\":2,\"name\":\"Store\",\"item\":\"https:\/\/reatechbrasil.com.br\/loja\/store\/\"},{\"@type\":\"ListItem\",\"position\":3,\"name\":\"Copo Espiral Reatech 2023\"}]},{\"@type\":\"WebSite\",\"@id\":\"https:\/\/reatechbrasil.com.br\/loja\/#website\",\"url\":\"https:\/\/reatechbrasil.com.br\/loja\/\",\"name\":\"Reatech Shop - Loja Virtual da Reatech 2023\",\"description\":\"\",\"publisher\":{\"@id\":\"https:\/\/reatechbrasil.com.br\/loja\/#organization\"},\"potentialAction\":[{\"@type\":\"SearchAction\",\"target\":{\"@type\":\"EntryPoint\",\"urlTemplate\":\"https:\/\/reatechbrasil.com.br\/loja\/?s={search_term_string}\"},\"query-input\":\"required name=search_term_string\"}],\"inLanguage\":\"pt-BR\"},{\"@type\":\"Organization\",\"@id\":\"https:\/\/reatechbrasil.com.br\/loja\/#organization\",\"name\":\"Reatech Brasil\",\"url\":\"https:\/\/reatechbrasil.com.br\/loja\/\",\"logo\":{\"@type\":\"ImageObject\",\"inLanguage\":\"pt-BR\",\"@id\":\"https:\/\/reatechbrasil.com.br\/loja\/#\/schema\/logo\/image\/\",\"url\":\"https:\/\/reatechbrasil.com.br\/loja\/wp-content\/uploads\/2023\/08\/logo-reatech-2023-h.png\",\"contentUrl\":\"https:\/\/reatechbrasil.com.br\/loja\/wp-content\/uploads\/2023\/08\/logo-reatech-2023-h.png\",\"width\":1145,\"height\":374,\"caption\":\"Reatech Brasil\"},\"image\":{\"@id\":\"https:\/\/reatechbrasil.com.br\/loja\/#\/schema\/logo\/image\/\"},\"sameAs\":[\"https:\/\/www.facebook.com\/reatechbrasil\/\",\"https:\/\/www.instagram.com\/ReatechBrasil\/\",\"https:\/\/www.linkedin.com\/showcase\/reatech-brasil\/?originalSubdomain=br\"]}]}<\/script>\n<!-- \/ Yoast SEO plugin. -->","yoast_head_json":{"title":"Copo Espiral Reatech 2023 - Loja Virtual da Reatech 2023","robots":{"index":"index","follow":"follow","max-snippet":"max-snippet:-1","max-image-preview":"max-image-preview:large","max-video-preview":"max-video-preview:-1"},"canonical":"https:\/\/reatechbrasil.com.br\/loja\/produto\/copo-espiral-reatech-2023\/","og_locale":"pt_BR","og_type":"article","og_title":"Copo Espiral Reatech 2023 - Loja Virtual da Reatech 2023","og_description":"Beba da alegria contagiante da Reatech Brasil com nossos copos coloridos!","og_url":"https:\/\/reatechbrasil.com.br\/loja\/produto\/copo-espiral-reatech-2023\/","og_site_name":"Loja Virtual da Reatech 2023","article_publisher":"https:\/\/www.facebook.com\/reatechbrasil\/","article_modified_time":"2023-10-03T09:10:00+00:00","og_image":[{"width":800,"height":800,"url":"https:\/\/reatechbrasil.com.br\/loja\/wp-content\/uploads\/2023\/08\/copo-550-espiral-com-tampa-e-canudo-reatech-2023-roxo-1.jpg","type":"image\/jpeg"}],"twitter_card":"summary_large_image","twitter_misc":{"Est. tempo de leitura":"1 minuto"},"schema":{"@context":"https:\/\/schema.org","@graph":[{"@type":"WebPage","@id":"https:\/\/reatechbrasil.com.br\/loja\/produto\/copo-espiral-reatech-2023\/","url":"https:\/\/reatechbrasil.com.br\/loja\/produto\/copo-espiral-reatech-2023\/","name":"Copo Espiral Reatech 2023 - Loja Virtual da Reatech 2023","isPartOf":{"@id":"https:\/\/reatechbrasil.com.br\/loja\/#website"},"datePublished":"2023-08-21T20:18:04+00:00","dateModified":"2023-10-03T09:10:00+00:00","breadcrumb":{"@id":"https:\/\/reatechbrasil.com.br\/loja\/produto\/copo-espiral-reatech-2023\/#breadcrumb"},"inLanguage":"pt-BR","potentialAction":[{"@type":"ReadAction","target":["https:\/\/reatechbrasil.com.br\/loja\/produto\/copo-espiral-reatech-2023\/"]}]},{"@type":"BreadcrumbList","@id":"https:\/\/reatechbrasil.com.br\/loja\/produto\/copo-espiral-reatech-2023\/#breadcrumb","itemListElement":[{"@type":"ListItem","position":1,"name":"In\u00edcio","item":"https:\/\/reatechbrasil.com.br\/loja\/"},{"@type":"ListItem","position":2,"name":"Store","item":"https:\/\/reatechbrasil.com.br\/loja\/store\/"},{"@type":"ListItem","position":3,"name":"Copo Espiral Reatech 2023"}]},{"@type":"WebSite","@id":"https:\/\/reatechbrasil.com.br\/loja\/#website","url":"https:\/\/reatechbrasil.com.br\/loja\/","name":"Reatech Shop - Loja Virtual da Reatech 2023","description":"","publisher":{"@id":"https:\/\/reatechbrasil.com.br\/loja\/#organization"},"potentialAction":[{"@type":"SearchAction","target":{"@type":"EntryPoint","urlTemplate":"https:\/\/reatechbrasil.com.br\/loja\/?s={search_term_string}"},"query-input":"required name=search_term_string"}],"inLanguage":"pt-BR"},{"@type":"Organization","@id":"https:\/\/reatechbrasil.com.br\/loja\/#organization","name":"Reatech Brasil","url":"https:\/\/reatechbrasil.com.br\/loja\/","logo":{"@type":"ImageObject","inLanguage":"pt-BR","@id":"https:\/\/reatechbrasil.com.br\/loja\/#\/schema\/logo\/image\/","url":"https:\/\/reatechbrasil.com.br\/loja\/wp-content\/uploads\/2023\/08\/logo-reatech-2023-h.png","contentUrl":"https:\/\/reatechbrasil.com.br\/loja\/wp-content\/uploads\/2023\/08\/logo-reatech-2023-h.png","width":1145,"height":374,"caption":"Reatech Brasil"},"image":{"@id":"https:\/\/reatechbrasil.com.br\/loja\/#\/schema\/logo\/image\/"},"sameAs":["https:\/\/www.facebook.com\/reatechbrasil\/","https:\/\/www.instagram.com\/ReatechBrasil\/","https:\/\/www.linkedin.com\/showcase\/reatech-brasil\/?originalSubdomain=br"]}]}},"_links":{"self":[{"href":"https:\/\/reatechbrasil.com.br\/loja\/wp-json\/wp\/v2\/product\/36","targetHints":{"allow":["GET"]}}],"collection":[{"href":"https:\/\/reatechbrasil.com.br\/loja\/wp-json\/wp\/v2\/product"}],"about":[{"href":"https:\/\/reatechbrasil.com.br\/loja\/wp-json\/wp\/v2\/types\/product"}],"replies":[{"embeddable":true,"href":"https:\/\/reatechbrasil.com.br\/loja\/wp-json\/wp\/v2\/comments?post=36"}],"wp:featuredmedia":[{"embeddable":true,"href":"https:\/\/reatechbrasil.com.br\/loja\/wp-json\/wp\/v2\/media\/304"}],"wp:attachment":[{"href":"https:\/\/reatechbrasil.com.br\/loja\/wp-json\/wp\/v2\/media?parent=36"}],"wp:term":[{"taxonomy":"product_cat","embeddable":true,"href":"https:\/\/reatechbrasil.com.br\/loja\/wp-json\/wp\/v2\/product_cat?post=36"},{"taxonomy":"product_tag","embeddable":true,"href":"https:\/\/reatechbrasil.com.br\/loja\/wp-json\/wp\/v2\/product_tag?post=36"}],"curies":[{"name":"wp","href":"https:\/\/api.w.org\/{rel}","templated":true}]}}